{"id":3488,"date":"2026-02-12T17:28:26","date_gmt":"2026-02-12T20:28:26","guid":{"rendered":"https:\/\/totalvarejo.com.br\/site\/?page_id=3488"},"modified":"2026-02-12T18:05:38","modified_gmt":"2026-02-12T21:05:38","slug":"portfolio-outros","status":"publish","type":"page","link":"https:\/\/totalvarejo.com.br\/site\/portfolio-outros\/","title":{"rendered":"Portf\u00f3lio Outros"},"content":{"rendered":"\t\t<div data-elementor-type=\"wp-page\" data-elementor-id=\"3488\" class=\"elementor elementor-3488\" data-elementor-post-type=\"page\">\n\t\t\t\t\t\t<section class=\"elementor-section elementor-top-section elementor-element elementor-element-0d1c953 elementor-section-height-min-height elementor-section-stretched elementor-section-boxed elementor-section-height-default elementor-section-items-middle\" data-id=\"0d1c953\" data-element_type=\"section\" data-settings=\"{&quot;background_background&quot;:&quot;classic&quot;,&quot;stretch_section&quot;:&quot;section-stretched&quot;}\">\n\t\t\t\t\t\t\t<div class=\"elementor-background-overlay\"><\/div>\n\t\t\t\t\t\t\t<div class=\"elementor-container elementor-column-gap-default\">\n\t\t\t\t\t<div class=\"elementor-column elementor-col-100 elementor-top-column elementor-element elementor-element-f31edcb\" data-id=\"f31edcb\" data-element_type=\"column\">\n\t\t\t<div class=\"elementor-widget-wrap elementor-element-populated\">\n\t\t\t\t\t\t<div class=\"elementor-element elementor-element-f2fd98c elementor-widget elementor-widget-text-editor\" data-id=\"f2fd98c\" data-element_type=\"widget\" data-widget_type=\"text-editor.default\">\n\t\t\t\t<div class=\"elementor-widget-container\">\n\t\t\t\t\t\t\t\t\t<p>PORTF\u00d3LIO<\/p>\t\t\t\t\t\t\t\t<\/div>\n\t\t\t\t<\/div>\n\t\t\t\t<section class=\"elementor-section elementor-inner-section elementor-element elementor-element-d4b8b5e elementor-section-boxed elementor-section-height-default elementor-section-height-default\" data-id=\"d4b8b5e\" data-element_type=\"section\">\n\t\t\t\t\t\t<div class=\"elementor-container elementor-column-gap-default\">\n\t\t\t\t\t<div class=\"elementor-column elementor-col-100 elementor-inner-column elementor-element elementor-element-cf8c533\" data-id=\"cf8c533\" data-element_type=\"column\">\n\t\t\t<div class=\"elementor-widget-wrap elementor-element-populated\">\n\t\t\t\t\t\t<div class=\"elementor-element elementor-element-097f345 elementor-widget-divider--view-line elementor-widget elementor-widget-divider\" data-id=\"097f345\" data-element_type=\"widget\" data-widget_type=\"divider.default\">\n\t\t\t\t<div class=\"elementor-widget-container\">\n\t\t\t\t\t\t\t<div class=\"elementor-divider\">\n\t\t\t<span class=\"elementor-divider-separator\">\n\t\t\t\t\t\t<\/span>\n\t\t<\/div>\n\t\t\t\t\t\t<\/div>\n\t\t\t\t<\/div>\n\t\t\t\t\t<\/div>\n\t\t<\/div>\n\t\t\t\t\t<\/div>\n\t\t<\/section>\n\t\t\t\t<div class=\"elementor-element elementor-element-e7d3944 elementor-widget elementor-widget-heading\" data-id=\"e7d3944\" data-element_type=\"widget\" data-widget_type=\"heading.default\">\n\t\t\t\t<div class=\"elementor-widget-container\">\n\t\t\t\t\t<h2 class=\"elementor-heading-title elementor-size-default\">UM RESUMO DOS<\/h2>\t\t\t\t<\/div>\n\t\t\t\t<\/div>\n\t\t\t\t<div class=\"elementor-element elementor-element-b39fe61 elementor-widget elementor-widget-heading\" data-id=\"b39fe61\" data-element_type=\"widget\" data-widget_type=\"heading.default\">\n\t\t\t\t<div class=\"elementor-widget-container\">\n\t\t\t\t\t<h2 class=\"elementor-heading-title elementor-size-default\">NOSSOS CASES VENCEDORES<\/h2>\t\t\t\t<\/div>\n\t\t\t\t<\/div>\n\t\t\t\t\t<\/div>\n\t\t<\/div>\n\t\t\t\t\t<\/div>\n\t\t<\/section>\n\t\t\t\t<section class=\"elementor-section elementor-top-section elementor-element elementor-element-175d3b5 elementor-section-boxed elementor-section-height-default elementor-section-height-default\" data-id=\"175d3b5\" data-element_type=\"section\">\n\t\t\t\t\t\t<div class=\"elementor-container elementor-column-gap-default\">\n\t\t\t\t\t<div class=\"elementor-column elementor-col-100 elementor-top-column elementor-element elementor-element-c27c0df\" data-id=\"c27c0df\" data-element_type=\"column\">\n\t\t\t<div class=\"elementor-widget-wrap elementor-element-populated\">\n\t\t\t\t\t\t<div class=\"elementor-element elementor-element-da3d4e1 elementor-widget elementor-widget-heading\" data-id=\"da3d4e1\" data-element_type=\"widget\" data-widget_type=\"heading.default\">\n\t\t\t\t<div class=\"elementor-widget-container\">\n\t\t\t\t\t<h2 class=\"elementor-heading-title elementor-size-default\">PORTF\u00d3LIO - OUTROS<\/h2>\t\t\t\t<\/div>\n\t\t\t\t<\/div>\n\t\t\t\t\t<\/div>\n\t\t<\/div>\n\t\t\t\t\t<\/div>\n\t\t<\/section>\n\t\t\t\t<section class=\"elementor-section elementor-top-section elementor-element elementor-element-c5aa346 elementor-section-boxed elementor-section-height-default elementor-section-height-default\" data-id=\"c5aa346\" data-element_type=\"section\">\n\t\t\t\t\t\t<div class=\"elementor-container elementor-column-gap-default\">\n\t\t\t\t\t<div class=\"elementor-column elementor-col-100 elementor-top-column elementor-element elementor-element-bf545ac\" data-id=\"bf545ac\" data-element_type=\"column\">\n\t\t\t<div class=\"elementor-widget-wrap elementor-element-populated\">\n\t\t\t\t\t\t<div class=\"elementor-element elementor-element-8540da8 elementor-grid-2 elementor-grid-tablet-2 elementor-grid-mobile-1 elementor-posts--thumbnail-top elementor-widget elementor-widget-posts\" data-id=\"8540da8\" data-element_type=\"widget\" data-settings=\"{&quot;classic_columns&quot;:&quot;2&quot;,&quot;pagination_type&quot;:&quot;numbers&quot;,&quot;classic_columns_tablet&quot;:&quot;2&quot;,&quot;classic_columns_mobile&quot;:&quot;1&quot;,&quot;classic_row_gap&quot;:{&quot;unit&quot;:&quot;px&quot;,&quot;size&quot;:35,&quot;sizes&quot;:[]},&quot;classic_row_gap_tablet&quot;:{&quot;unit&quot;:&quot;px&quot;,&quot;size&quot;:&quot;&quot;,&quot;sizes&quot;:[]},&quot;classic_row_gap_mobile&quot;:{&quot;unit&quot;:&quot;px&quot;,&quot;size&quot;:&quot;&quot;,&quot;sizes&quot;:[]}}\" data-widget_type=\"posts.classic\">\n\t\t\t\t<div class=\"elementor-widget-container\">\n\t\t\t\t\t\t\t<div class=\"elementor-posts-container elementor-posts elementor-posts--skin-classic elementor-grid\">\n\t\t\t\t<article class=\"elementor-post elementor-grid-item post-3935 post type-post status-publish format-image has-post-thumbnail hentry category-cases category-outros post_format-post-format-image\">\n\t\t\t\t<a class=\"elementor-post__thumbnail__link\" href=\"https:\/\/totalvarejo.com.br\/site\/eletrobuss\/\" tabindex=\"-1\" >\n\t\t\t<div class=\"elementor-post__thumbnail\"><img fetchpriority=\"high\" decoding=\"async\" width=\"1024\" height=\"681\" src=\"https:\/\/totalvarejo.com.br\/site\/wp-content\/uploads\/2026\/03\/ELETROBUSS_05-1024x681.jpg\" class=\"attachment-large size-large wp-image-3941\" alt=\"\" srcset=\"https:\/\/totalvarejo.com.br\/site\/wp-content\/uploads\/2026\/03\/ELETROBUSS_05-1024x681.jpg 1024w, https:\/\/totalvarejo.com.br\/site\/wp-content\/uploads\/2026\/03\/ELETROBUSS_05-300x200.jpg 300w, https:\/\/totalvarejo.com.br\/site\/wp-content\/uploads\/2026\/03\/ELETROBUSS_05-768x511.jpg 768w, https:\/\/totalvarejo.com.br\/site\/wp-content\/uploads\/2026\/03\/ELETROBUSS_05-1536x1021.jpg 1536w, https:\/\/totalvarejo.com.br\/site\/wp-content\/uploads\/2026\/03\/ELETROBUSS_05.jpg 2000w\" sizes=\"(max-width: 1024px) 100vw, 1024px\" \/><\/div>\n\t\t<\/a>\n\t\t\t\t<div class=\"elementor-post__text\">\n\t\t\t\t<h3 class=\"elementor-post__title\">\n\t\t\t<a href=\"https:\/\/totalvarejo.com.br\/site\/eletrobuss\/\" >\n\t\t\t\tEletrobuss\t\t\t<\/a>\n\t\t<\/h3>\n\t\t\t\t<\/div>\n\t\t\t\t<\/article>\n\t\t\t\t<article class=\"elementor-post elementor-grid-item post-3671 post type-post status-publish format-image has-post-thumbnail hentry category-cases category-outros post_format-post-format-image\">\n\t\t\t\t<a class=\"elementor-post__thumbnail__link\" href=\"https:\/\/totalvarejo.com.br\/site\/casa-fernando-perez\/\" tabindex=\"-1\" >\n\t\t\t<div class=\"elementor-post__thumbnail\"><img decoding=\"async\" width=\"1018\" height=\"1024\" src=\"https:\/\/totalvarejo.com.br\/site\/wp-content\/uploads\/2026\/02\/Atelie-FP_07-1018x1024.jpg\" class=\"attachment-large size-large wp-image-3679\" alt=\"\" srcset=\"https:\/\/totalvarejo.com.br\/site\/wp-content\/uploads\/2026\/02\/Atelie-FP_07-1018x1024.jpg 1018w, https:\/\/totalvarejo.com.br\/site\/wp-content\/uploads\/2026\/02\/Atelie-FP_07-298x300.jpg 298w, https:\/\/totalvarejo.com.br\/site\/wp-content\/uploads\/2026\/02\/Atelie-FP_07-150x150.jpg 150w, https:\/\/totalvarejo.com.br\/site\/wp-content\/uploads\/2026\/02\/Atelie-FP_07-768x773.jpg 768w, https:\/\/totalvarejo.com.br\/site\/wp-content\/uploads\/2026\/02\/Atelie-FP_07-1527x1536.jpg 1527w, https:\/\/totalvarejo.com.br\/site\/wp-content\/uploads\/2026\/02\/Atelie-FP_07.jpg 2000w\" sizes=\"(max-width: 1018px) 100vw, 1018px\" \/><\/div>\n\t\t<\/a>\n\t\t\t\t<div class=\"elementor-post__text\">\n\t\t\t\t<h3 class=\"elementor-post__title\">\n\t\t\t<a href=\"https:\/\/totalvarejo.com.br\/site\/casa-fernando-perez\/\" >\n\t\t\t\tCasa Fernando Perez\t\t\t<\/a>\n\t\t<\/h3>\n\t\t\t\t<\/div>\n\t\t\t\t<\/article>\n\t\t\t\t<article class=\"elementor-post elementor-grid-item post-3483 post type-post status-publish format-image has-post-thumbnail hentry category-cases category-outros post_format-post-format-image\">\n\t\t\t\t<a class=\"elementor-post__thumbnail__link\" href=\"https:\/\/totalvarejo.com.br\/site\/alabastro\/\" tabindex=\"-1\" >\n\t\t\t<div class=\"elementor-post__thumbnail\"><img decoding=\"async\" width=\"1024\" height=\"768\" src=\"https:\/\/totalvarejo.com.br\/site\/wp-content\/uploads\/2026\/02\/ALABASTRO-02-1024x768.jpg\" class=\"attachment-large size-large wp-image-3480\" alt=\"\" srcset=\"https:\/\/totalvarejo.com.br\/site\/wp-content\/uploads\/2026\/02\/ALABASTRO-02-1024x768.jpg 1024w, https:\/\/totalvarejo.com.br\/site\/wp-content\/uploads\/2026\/02\/ALABASTRO-02-300x225.jpg 300w, https:\/\/totalvarejo.com.br\/site\/wp-content\/uploads\/2026\/02\/ALABASTRO-02-768x576.jpg 768w, https:\/\/totalvarejo.com.br\/site\/wp-content\/uploads\/2026\/02\/ALABASTRO-02-1536x1152.jpg 1536w, https:\/\/totalvarejo.com.br\/site\/wp-content\/uploads\/2026\/02\/ALABASTRO-02.jpg 2000w\" sizes=\"(max-width: 1024px) 100vw, 1024px\" \/><\/div>\n\t\t<\/a>\n\t\t\t\t<div class=\"elementor-post__text\">\n\t\t\t\t<h3 class=\"elementor-post__title\">\n\t\t\t<a href=\"https:\/\/totalvarejo.com.br\/site\/alabastro\/\" >\n\t\t\t\tAlabastro\t\t\t<\/a>\n\t\t<\/h3>\n\t\t\t\t<\/div>\n\t\t\t\t<\/article>\n\t\t\t\t<\/div>\n\t\t\n\t\t\t\t\t\t<\/div>\n\t\t\t\t<\/div>\n\t\t\t\t\t<\/div>\n\t\t<\/div>\n\t\t\t\t\t<\/div>\n\t\t<\/section>\n\t\t\t\t<section class=\"elementor-section elementor-top-section elementor-element elementor-element-7dbda03 elementor-section-boxed elementor-section-height-default elementor-section-height-default\" data-id=\"7dbda03\" data-element_type=\"section\">\n\t\t\t\t\t\t<div class=\"elementor-container elementor-column-gap-default\">\n\t\t\t\t\t<div class=\"elementor-column elementor-col-100 elementor-top-column elementor-element elementor-element-00055ae\" data-id=\"00055ae\" data-element_type=\"column\">\n\t\t\t<div class=\"elementor-widget-wrap elementor-element-populated\">\n\t\t\t\t\t\t<div class=\"elementor-element elementor-element-42fe46d elementor-widget elementor-widget-shortcode\" data-id=\"42fe46d\" data-element_type=\"widget\" data-widget_type=\"shortcode.default\">\n\t\t\t\t<div class=\"elementor-widget-container\">\n\t\t\t\t\t\t\t<div class=\"elementor-shortcode\">\t\t<div data-elementor-type=\"page\" data-elementor-id=\"2493\" class=\"elementor elementor-2493\" data-elementor-post-type=\"elementor_library\">\n\t\t\t\t\t\t<section class=\"elementor-section elementor-top-section elementor-element elementor-element-587cced4 elementor-section-content-middle elementor-section-boxed elementor-section-height-default elementor-section-height-default\" data-id=\"587cced4\" data-element_type=\"section\">\n\t\t\t\t\t\t<div class=\"elementor-container elementor-column-gap-default\">\n\t\t\t\t\t<div class=\"elementor-column elementor-col-50 elementor-top-column elementor-element elementor-element-15b2909f\" data-id=\"15b2909f\" data-element_type=\"column\">\n\t\t\t<div class=\"elementor-widget-wrap elementor-element-populated\">\n\t\t\t\t\t\t<div class=\"elementor-element elementor-element-931b940 elementor-widget elementor-widget-image\" data-id=\"931b940\" data-element_type=\"widget\" data-widget_type=\"image.default\">\n\t\t\t\t<div class=\"elementor-widget-container\">\n\t\t\t\t\t\t\t\t\t\t\t\t\t\t\t\t<a href=\"https:\/\/www.totalvarejo.com.br\">\n\t\t\t\t\t\t\t<img loading=\"lazy\" decoding=\"async\" width=\"768\" height=\"79\" src=\"https:\/\/totalvarejo.com.br\/site\/wp-content\/uploads\/2024\/02\/Logo-horizontal-branca-768x79.png\" class=\"attachment-medium_large size-medium_large wp-image-2432\" alt=\"Logo Total Varejo\" srcset=\"https:\/\/totalvarejo.com.br\/site\/wp-content\/uploads\/2024\/02\/Logo-horizontal-branca-768x79.png 768w, https:\/\/totalvarejo.com.br\/site\/wp-content\/uploads\/2024\/02\/Logo-horizontal-branca-300x31.png 300w, https:\/\/totalvarejo.com.br\/site\/wp-content\/uploads\/2024\/02\/Logo-horizontal-branca-1024x105.png 1024w, https:\/\/totalvarejo.com.br\/site\/wp-content\/uploads\/2024\/02\/Logo-horizontal-branca.png 1280w\" sizes=\"(max-width: 768px) 100vw, 768px\" \/>\t\t\t\t\t\t\t\t<\/a>\n\t\t\t\t\t\t\t\t\t\t\t\t\t\t\t<\/div>\n\t\t\t\t<\/div>\n\t\t\t\t\t<\/div>\n\t\t<\/div>\n\t\t\t\t<div class=\"elementor-column elementor-col-50 elementor-top-column elementor-element elementor-element-5c9883f\" data-id=\"5c9883f\" data-element_type=\"column\">\n\t\t\t<div class=\"elementor-widget-wrap elementor-element-populated\">\n\t\t\t\t\t\t<div class=\"elementor-element elementor-element-596b683d e-grid-align-right elementor-shape-rounded elementor-grid-0 elementor-widget elementor-widget-social-icons\" data-id=\"596b683d\" data-element_type=\"widget\" data-widget_type=\"social-icons.default\">\n\t\t\t\t<div class=\"elementor-widget-container\">\n\t\t\t\t\t\t\t<div class=\"elementor-social-icons-wrapper elementor-grid\" role=\"list\">\n\t\t\t\t\t\t\t<span class=\"elementor-grid-item\" role=\"listitem\">\n\t\t\t\t\t<a class=\"elementor-icon elementor-social-icon elementor-social-icon-youtube elementor-repeater-item-808be23\" href=\"https:\/\/www.youtube.com\/@totalvarejo\" target=\"_blank\">\n\t\t\t\t\t\t<span class=\"elementor-screen-only\">Youtube<\/span>\n\t\t\t\t\t\t<i class=\"fab fa-youtube\"><\/i>\t\t\t\t\t<\/a>\n\t\t\t\t<\/span>\n\t\t\t\t\t\t\t<span class=\"elementor-grid-item\" role=\"listitem\">\n\t\t\t\t\t<a class=\"elementor-icon elementor-social-icon elementor-social-icon-facebook elementor-repeater-item-02562f0\" href=\"https:\/\/facebook.com\/totalvarejo\" target=\"_blank\">\n\t\t\t\t\t\t<span class=\"elementor-screen-only\">Facebook<\/span>\n\t\t\t\t\t\t<i class=\"fab fa-facebook\"><\/i>\t\t\t\t\t<\/a>\n\t\t\t\t<\/span>\n\t\t\t\t\t\t\t<span class=\"elementor-grid-item\" role=\"listitem\">\n\t\t\t\t\t<a class=\"elementor-icon elementor-social-icon elementor-social-icon-instagram elementor-repeater-item-21d4d88\" href=\"https:\/\/www.instagram.com\/totalvarejo\/\" target=\"_blank\">\n\t\t\t\t\t\t<span class=\"elementor-screen-only\">Instagram<\/span>\n\t\t\t\t\t\t<i class=\"fab fa-instagram\"><\/i>\t\t\t\t\t<\/a>\n\t\t\t\t<\/span>\n\t\t\t\t\t\t\t<span class=\"elementor-grid-item\" role=\"listitem\">\n\t\t\t\t\t<a class=\"elementor-icon elementor-social-icon elementor-social-icon-linkedin elementor-repeater-item-93e57ef\" href=\"https:\/\/br.linkedin.com\/company\/totalvarejo\" target=\"_blank\">\n\t\t\t\t\t\t<span class=\"elementor-screen-only\">Linkedin<\/span>\n\t\t\t\t\t\t<i class=\"fab fa-linkedin\"><\/i>\t\t\t\t\t<\/a>\n\t\t\t\t<\/span>\n\t\t\t\t\t\t\t<span class=\"elementor-grid-item\" role=\"listitem\">\n\t\t\t\t\t<a class=\"elementor-icon elementor-social-icon elementor-social-icon-whatsapp elementor-repeater-item-15d8009\" href=\"https:\/\/w.app\/totalvarejo\" target=\"_blank\">\n\t\t\t\t\t\t<span class=\"elementor-screen-only\">Whatsapp<\/span>\n\t\t\t\t\t\t<i class=\"fab fa-whatsapp\"><\/i>\t\t\t\t\t<\/a>\n\t\t\t\t<\/span>\n\t\t\t\t\t<\/div>\n\t\t\t\t\t\t<\/div>\n\t\t\t\t<\/div>\n\t\t\t\t\t<\/div>\n\t\t<\/div>\n\t\t\t\t\t<\/div>\n\t\t<\/section>\n\t\t\t\t<\/div>\n\t\t<\/div>\n\t\t\t\t\t\t<\/div>\n\t\t\t\t<\/div>\n\t\t\t\t\t<\/div>\n\t\t<\/div>\n\t\t\t\t\t<\/div>\n\t\t<\/section>\n\t\t\t\t<\/div>\n\t\t","protected":false},"excerpt":{"rendered":"<p>PORTF\u00d3LIO UM RESUMO DOS NOSSOS CASES VENCEDORES PORTF\u00d3LIO &#8211; OUTROS<\/p>\n","protected":false},"author":3,"featured_media":0,"parent":0,"menu_order":0,"comment_status":"closed","ping_status":"closed","template":"","meta":{"_uag_custom_page_level_css":"","site-sidebar-layout":"no-sidebar","site-content-layout":"plain-container","ast-site-content-layout":"default","site-content-style":"default","site-sidebar-style":"default","ast-global-header-display":"","ast-banner-title-visibility":"","ast-main-header-display":"","ast-hfb-above-header-display":"","ast-hfb-below-header-display":"","ast-hfb-mobile-header-display":"","site-post-title":"disabled","ast-breadcrumbs-content":"disabled","ast-featured-img":"disabled","footer-sml-layout":"","theme-transparent-header-meta":"enabled","adv-header-id-meta":"","stick-header-meta":"enabled","header-above-stick-meta":"","header-main-stick-meta":"on","header-below-stick-meta":"","astra-migrate-meta-layouts":"default","ast-page-background-enabled":"default","ast-page-background-meta":{"desktop":{"background-color":"var(--ast-global-color-4)","background-image":"","background-repeat":"repeat","background-position":"center center","background-size":"auto","background-attachment":"scroll","background-type":"","background-media":"","overlay-type":"","overlay-color":"","overlay-opacity":"","overlay-gradient":""},"tablet":{"background-color":"","background-image":"","background-repeat":"repeat","background-position":"center center","background-size":"auto","background-attachment":"scroll","background-type":"","background-media":"","overlay-type":"","overlay-color":"","overlay-opacity":"","overlay-gradient":""},"mobile":{"background-color":"","background-image":"","background-repeat":"repeat","background-position":"center center","background-size":"auto","background-attachment":"scroll","background-type":"","background-media":"","overlay-type":"","overlay-color":"","overlay-opacity":"","overlay-gradient":""}},"ast-content-background-meta":{"desktop":{"background-color":"var(--ast-global-color-5)","background-image":"","background-repeat":"repeat","background-position":"center center","background-size":"auto","background-attachment":"scroll","background-type":"","background-media":"","overlay-type":"","overlay-color":"","overlay-opacity":"","overlay-gradient":""},"tablet":{"background-color":"var(--ast-global-color-5)","background-image":"","background-repeat":"repeat","background-position":"center center","background-size":"auto","background-attachment":"scroll","background-type":"","background-media":"","overlay-type":"","overlay-color":"","overlay-opacity":"","overlay-gradient":""},"mobile":{"background-color":"var(--ast-global-color-5)","background-image":"","background-repeat":"repeat","background-position":"center center","background-size":"auto","background-attachment":"scroll","background-type":"","background-media":"","overlay-type":"","overlay-color":"","overlay-opacity":"","overlay-gradient":""}},"footnotes":""},"class_list":["post-3488","page","type-page","status-publish","hentry"],"yoast_head":"<!-- This site is optimized with the Yoast SEO plugin v26.9 - https:\/\/yoast.com\/product\/yoast-seo-wordpress\/ -->\n<title>Portf\u00f3lio Outros - Total Varejo<\/title>\n<meta name=\"robots\" content=\"index, follow, max-snippet:-1, max-image-preview:large, max-video-preview:-1\" \/>\n<link rel=\"canonical\" href=\"https:\/\/totalvarejo.com.br\/site\/portfolio-outros\/\" \/>\n<meta property=\"og:locale\" content=\"pt_BR\" \/>\n<meta property=\"og:type\" content=\"article\" \/>\n<meta property=\"og:title\" content=\"Portf\u00f3lio Outros - Total Varejo\" \/>\n<meta property=\"og:description\" content=\"PORTF\u00d3LIO UM RESUMO DOS NOSSOS CASES VENCEDORES PORTF\u00d3LIO &#8211; OUTROS\" \/>\n<meta property=\"og:url\" content=\"https:\/\/totalvarejo.com.br\/site\/portfolio-outros\/\" \/>\n<meta property=\"og:site_name\" content=\"Total Varejo\" \/>\n<meta property=\"article:modified_time\" content=\"2026-02-12T21:05:38+00:00\" \/>\n<meta name=\"twitter:card\" content=\"summary_large_image\" \/>\n<meta name=\"twitter:label1\" content=\"Est. tempo de leitura\" \/>\n\t<meta name=\"twitter:data1\" content=\"1 minuto\" \/>\n<script type=\"application\/ld+json\" class=\"yoast-schema-graph\">{\"@context\":\"https:\/\/schema.org\",\"@graph\":[{\"@type\":\"WebPage\",\"@id\":\"https:\/\/totalvarejo.com.br\/site\/portfolio-outros\/\",\"url\":\"https:\/\/totalvarejo.com.br\/site\/portfolio-outros\/\",\"name\":\"Portf\u00f3lio Outros - Total Varejo\",\"isPartOf\":{\"@id\":\"https:\/\/totalvarejo.com.br\/site\/#website\"},\"datePublished\":\"2026-02-12T20:28:26+00:00\",\"dateModified\":\"2026-02-12T21:05:38+00:00\",\"breadcrumb\":{\"@id\":\"https:\/\/totalvarejo.com.br\/site\/portfolio-outros\/#breadcrumb\"},\"inLanguage\":\"pt-BR\",\"potentialAction\":[{\"@type\":\"ReadAction\",\"target\":[\"https:\/\/totalvarejo.com.br\/site\/portfolio-outros\/\"]}]},{\"@type\":\"BreadcrumbList\",\"@id\":\"https:\/\/totalvarejo.com.br\/site\/portfolio-outros\/#breadcrumb\",\"itemListElement\":[{\"@type\":\"ListItem\",\"position\":1,\"name\":\"In\u00edcio\",\"item\":\"https:\/\/totalvarejo.com.br\/site\/\"},{\"@type\":\"ListItem\",\"position\":2,\"name\":\"Portf\u00f3lio Outros\"}]},{\"@type\":\"WebSite\",\"@id\":\"https:\/\/totalvarejo.com.br\/site\/#website\",\"url\":\"https:\/\/totalvarejo.com.br\/site\/\",\"name\":\"Total Varejo\",\"description\":\"Est\u00e9tica, opera\u00e7\u00e3o de uma loja e a exposi\u00e7\u00e3o do produto\",\"publisher\":{\"@id\":\"https:\/\/totalvarejo.com.br\/site\/#organization\"},\"potentialAction\":[{\"@type\":\"SearchAction\",\"target\":{\"@type\":\"EntryPoint\",\"urlTemplate\":\"https:\/\/totalvarejo.com.br\/site\/?s={search_term_string}\"},\"query-input\":{\"@type\":\"PropertyValueSpecification\",\"valueRequired\":true,\"valueName\":\"search_term_string\"}}],\"inLanguage\":\"pt-BR\"},{\"@type\":\"Organization\",\"@id\":\"https:\/\/totalvarejo.com.br\/site\/#organization\",\"name\":\"Total Varejo\",\"url\":\"https:\/\/totalvarejo.com.br\/site\/\",\"logo\":{\"@type\":\"ImageObject\",\"inLanguage\":\"pt-BR\",\"@id\":\"https:\/\/totalvarejo.com.br\/site\/#\/schema\/logo\/image\/\",\"url\":\"https:\/\/totalvarejo.com.br\/site\/wp-content\/uploads\/2024\/02\/cropped-Logo-horizontal-branca.png\",\"contentUrl\":\"https:\/\/totalvarejo.com.br\/site\/wp-content\/uploads\/2024\/02\/cropped-Logo-horizontal-branca.png\",\"width\":1280,\"height\":131,\"caption\":\"Total Varejo\"},\"image\":{\"@id\":\"https:\/\/totalvarejo.com.br\/site\/#\/schema\/logo\/image\/\"}}]}<\/script>\n<!-- \/ Yoast SEO plugin. -->","yoast_head_json":{"title":"Portf\u00f3lio Outros - Total Varejo","robots":{"index":"index","follow":"follow","max-snippet":"max-snippet:-1","max-image-preview":"max-image-preview:large","max-video-preview":"max-video-preview:-1"},"canonical":"https:\/\/totalvarejo.com.br\/site\/portfolio-outros\/","og_locale":"pt_BR","og_type":"article","og_title":"Portf\u00f3lio Outros - Total Varejo","og_description":"PORTF\u00d3LIO UM RESUMO DOS NOSSOS CASES VENCEDORES PORTF\u00d3LIO &#8211; OUTROS","og_url":"https:\/\/totalvarejo.com.br\/site\/portfolio-outros\/","og_site_name":"Total Varejo","article_modified_time":"2026-02-12T21:05:38+00:00","twitter_card":"summary_large_image","twitter_misc":{"Est. tempo de leitura":"1 minuto"},"schema":{"@context":"https:\/\/schema.org","@graph":[{"@type":"WebPage","@id":"https:\/\/totalvarejo.com.br\/site\/portfolio-outros\/","url":"https:\/\/totalvarejo.com.br\/site\/portfolio-outros\/","name":"Portf\u00f3lio Outros - Total Varejo","isPartOf":{"@id":"https:\/\/totalvarejo.com.br\/site\/#website"},"datePublished":"2026-02-12T20:28:26+00:00","dateModified":"2026-02-12T21:05:38+00:00","breadcrumb":{"@id":"https:\/\/totalvarejo.com.br\/site\/portfolio-outros\/#breadcrumb"},"inLanguage":"pt-BR","potentialAction":[{"@type":"ReadAction","target":["https:\/\/totalvarejo.com.br\/site\/portfolio-outros\/"]}]},{"@type":"BreadcrumbList","@id":"https:\/\/totalvarejo.com.br\/site\/portfolio-outros\/#breadcrumb","itemListElement":[{"@type":"ListItem","position":1,"name":"In\u00edcio","item":"https:\/\/totalvarejo.com.br\/site\/"},{"@type":"ListItem","position":2,"name":"Portf\u00f3lio Outros"}]},{"@type":"WebSite","@id":"https:\/\/totalvarejo.com.br\/site\/#website","url":"https:\/\/totalvarejo.com.br\/site\/","name":"Total Varejo","description":"Est\u00e9tica, opera\u00e7\u00e3o de uma loja e a exposi\u00e7\u00e3o do produto","publisher":{"@id":"https:\/\/totalvarejo.com.br\/site\/#organization"},"potentialAction":[{"@type":"SearchAction","target":{"@type":"EntryPoint","urlTemplate":"https:\/\/totalvarejo.com.br\/site\/?s={search_term_string}"},"query-input":{"@type":"PropertyValueSpecification","valueRequired":true,"valueName":"search_term_string"}}],"inLanguage":"pt-BR"},{"@type":"Organization","@id":"https:\/\/totalvarejo.com.br\/site\/#organization","name":"Total Varejo","url":"https:\/\/totalvarejo.com.br\/site\/","logo":{"@type":"ImageObject","inLanguage":"pt-BR","@id":"https:\/\/totalvarejo.com.br\/site\/#\/schema\/logo\/image\/","url":"https:\/\/totalvarejo.com.br\/site\/wp-content\/uploads\/2024\/02\/cropped-Logo-horizontal-branca.png","contentUrl":"https:\/\/totalvarejo.com.br\/site\/wp-content\/uploads\/2024\/02\/cropped-Logo-horizontal-branca.png","width":1280,"height":131,"caption":"Total Varejo"},"image":{"@id":"https:\/\/totalvarejo.com.br\/site\/#\/schema\/logo\/image\/"}}]}},"uagb_featured_image_src":{"full":false,"thumbnail":false,"medium":false,"medium_large":false,"large":false,"1536x1536":false,"2048x2048":false},"uagb_author_info":{"display_name":"Total Varejo Arquitetura","author_link":"https:\/\/totalvarejo.com.br\/site\/author\/totalvarejo\/"},"uagb_comment_info":0,"uagb_excerpt":"PORTF\u00d3LIO UM RESUMO DOS NOSSOS CASES VENCEDORES PORTF\u00d3LIO &#8211; OUTROS","_links":{"self":[{"href":"https:\/\/totalvarejo.com.br\/site\/wp-json\/wp\/v2\/pages\/3488","targetHints":{"allow":["GET"]}}],"collection":[{"href":"https:\/\/totalvarejo.com.br\/site\/wp-json\/wp\/v2\/pages"}],"about":[{"href":"https:\/\/totalvarejo.com.br\/site\/wp-json\/wp\/v2\/types\/page"}],"author":[{"embeddable":true,"href":"https:\/\/totalvarejo.com.br\/site\/wp-json\/wp\/v2\/users\/3"}],"replies":[{"embeddable":true,"href":"https:\/\/totalvarejo.com.br\/site\/wp-json\/wp\/v2\/comments?post=3488"}],"version-history":[{"count":10,"href":"https:\/\/totalvarejo.com.br\/site\/wp-json\/wp\/v2\/pages\/3488\/revisions"}],"predecessor-version":[{"id":3505,"href":"https:\/\/totalvarejo.com.br\/site\/wp-json\/wp\/v2\/pages\/3488\/revisions\/3505"}],"wp:attachment":[{"href":"https:\/\/totalvarejo.com.br\/site\/wp-json\/wp\/v2\/media?parent=3488"}],"curies":[{"name":"wp","href":"https:\/\/api.w.org\/{rel}","templated":true}]}}